{"id":27,"date":"2020-09-29T16:51:37","date_gmt":"2020-09-29T13:51:37","guid":{"rendered":"https:\/\/wpweb2-prod.rtu.lv\/smi\/?page_id=27"},"modified":"2021-01-11T18:39:13","modified_gmt":"2021-01-11T15:39:13","slug":"sadarbiba-ar-latvijas-uznemumiem","status":"publish","type":"page","link":"https:\/\/wpweb2-prod.rtu.lv\/smi\/sadarbiba-ar-latvijas-uznemumiem\/","title":{"rendered":"Sadarb\u012bba ar Latvijas uz\u0146\u0113mumiem"},"content":{"rendered":"\n<style type=\"text\/css\" data-created_by=\"avia_inline_auto\" id=\"style-css-av-1bfcn-6251a216608041abc7e9209fbde6e29f\">\n.flex_column.av-1bfcn-6251a216608041abc7e9209fbde6e29f{\nborder-radius:0px 0px 0px 0px;\npadding:0px 0px 0px 0px;\n}\n<\/style>\n<div  class='flex_column av-1bfcn-6251a216608041abc7e9209fbde6e29f av_one_full  avia-builder-el-0  el_before_av_textblock  avia-builder-el-first  first flex_column_div av-zero-column-padding  '     ><section  class='av_textblock_section av-kfo0rixx-20e1345287bf72e9070b98a5621e196f '   itemscope=\"itemscope\" itemtype=\"https:\/\/schema.org\/CreativeWork\" ><div class='avia_textblock'  itemprop=\"text\" ><p><a href=\"http:\/\/smi.rtu.lv\/sites\/smi.rtu.lv\/files\/test-smi.rtu.lv\/smi_piedavajums.pdf\" target=\"_blank\" rel=\"noopener\"><u><strong>SMI sadarb\u012bbas pied\u0101v\u0101jums<\/strong><\/u><\/a><\/p>\n<p><strong>Sadarb\u012bba 2018. gad\u0101 ar:<\/strong><\/p>\n<ul>\n<li>LR Valsts ie\u0146\u0113mumu dienests<\/li>\n<li>SIA \u00abBeton Industrial\u00bb<\/li>\n<li>SIA \u00abAbora\u00bb<\/li>\n<li>\u00abGarkalnes Grants\u00bb<\/li>\n<li>SIA \u00abDabas parki\u00bb<\/li>\n<li>AS \u00abValmieras stikla \u0161\u0137iedra\u00bb<\/li>\n<li>SIA \u00abArhitektonisk\u0101s izp\u0113tes grupa\u00bb<\/li>\n<li>SIA \u00abKompetences centrs\u00bb<\/li>\n<li>SIA \u00abEkspro\u00bb<\/li>\n<li>SIA \u00abRegga Energo\u00bb<\/li>\n<li>SIA \u00abSkonto b\u016bve\u00bb<\/li>\n<li>SIA \u00abUPB nams\u00bb<\/li>\n<li>SIA \u00abA.P.E. Build\u00bb<\/li>\n<li>SIA \u00abRSGA\u00bb<\/li>\n<\/ul>\n<p><strong>Sadarb\u012bba 2017. gad\u0101 ar:<\/strong><\/p>\n<ul>\n<li>\u00abAbora\u00bb<\/li>\n<li>\u00abGarkalnes Grants\u00bb<\/li>\n<li>\u00abDabas parki\u00bb<\/li>\n<li>\u00abArhitektonisk\u0101s izp\u0113tes grupa\u00bb<\/li>\n<li>\u00abEkspro\u00bb<\/li>\n<li>\u00abRegga Energo\u00bb<\/li>\n<li>\u00abSkonto B\u016bve\u00bb<\/li>\n<li>\u00abUPB Nams\u00bb<\/li>\n<\/ul>\n<p><strong>Sadarb\u012bba 2016. gad\u0101 ar:<\/strong><\/p>\n<ul>\n<li>\u00abGneiss\u00bb<\/li>\n<li>\u00abGarkalnes Grants\u00bb<\/li>\n<li>LR VID Muitas p\u0101rvalde<\/li>\n<li>SIA\u00a0\u00abCe\u013c\u0161\u00bb<\/li>\n<li>Latvijas \u2013 Lietuvas kopuz\u0146\u0113mums\u00a0\u00abViadukts SIA\u00bb<\/li>\n<li>\u00abKAN\u00bb<\/li>\n<li>\u00abLBS Konsultants\u00bb<\/li>\n<li>\u00abDabas parki\u00bb<\/li>\n<li>\u00abGeo Consultants\u00bb<\/li>\n<li>\u00abAbora\u00bb<\/li>\n<li>\u00abZ46\u00bb<\/li>\n<li>A\/S BAO<\/li>\n<li>\u00abPiche\u00bb<\/li>\n<\/ul>\n<p><strong>Sadarb\u012bba 2015. gad\u0101 ar:<\/strong><\/p>\n<ul>\n<li>\u00abLatvijas Valsts me\u017ei\u00bb<\/li>\n<li>\u0100rai\u0161u draudzes nams<\/li>\n<li>\u00abValmieras stikla\u0161\u0137iedra\u00bb<\/li>\n<li>\u00abGarkalnes Grants\u00bb<\/li>\n<li>\u00abKonvents\u00bb<\/li>\n<li>\u00abA.P.E.BUILD\u00bb<\/li>\n<li>\u00abRANDO-K\u00bb<\/li>\n<li>\u00abBekoteks\u00bb<\/li>\n<li>\u00abAbora\u00bb<\/li>\n<li>\u00abSUNOR\u00bb<\/li>\n<li>\u00abVLAKON\u00bb<\/li>\n<li>\u0100rai\u0161u Ev. Lut. draudze<\/li>\n<\/ul>\n<p><strong>Sadarb\u012bba 2014. gad\u0101 ar:<\/strong><\/p>\n<ul>\n<li>\u00abTerra Projekti\u00bb<\/li>\n<li>\u00abValmieras stikla \u0161\u0137iedra\u00bb<\/li>\n<li>\u00abBinders\u00bb<\/li>\n<li>\u00abPrima Pick\u00bb<\/li>\n<li>\u00abB\u016bvprojektu vad\u012bba\u00bb<\/li>\n<li>\u00abLatvijas prop\u0101na g\u0101ze\u00bb<\/li>\n<li>\u00abRe\u00a0&amp; Re\u00bb<\/li>\n<li>\u00abRBSSKALS B\u016bvvald\u012bba\u00bb<\/li>\n<li>LR VID Muitas p\u0101rvalde<\/li>\n<li>\u00abCe\u013ci un tilti\u00bb<\/li>\n<li>\u00abRafaello\u00bb<\/li>\n<li>\u00abA-ES Group\u00bb<\/li>\n<li>\u00abDitton B\u016bve\u00bb<\/li>\n<li>\u00abDHB\u00bb<\/li>\n<li>\u00abGroGlass\u00bb<\/li>\n<li>\u00abBAO\u00bb<\/li>\n<\/ul>\n<p><strong>Sadarb\u012bba 2013. gad\u0101 ar:<\/strong><\/p>\n<ul>\n<li>\u00abDitton B\u016bve\u00bb<\/li>\n<li>\u00abBAO\u00bb<\/li>\n<li>\u00abGarkalnes Grants\u00bb<\/li>\n<li>\u00abMOLITS\u00bb<\/li>\n<li>\u00abKULK\u00bb<\/li>\n<li>\u00abMODUS B\u016aVE\u00bb<\/li>\n<li>\u00abRERE 04\u00bb<\/li>\n<li>\u00abNEWCOM Construction\u00bb<\/li>\n<li>\u00abArhitekta L.\u0160mita darbn\u012bca\u00bb<\/li>\n<li>\u00abRe &amp; Re\u00bb<\/li>\n<li>\u00abRBC TRANS\u00bb<\/li>\n<li><em>Ultra Materia International Ltd<\/em>; UK<\/li>\n<li>\u00abLatvijas Valsts Me\u017ei\u00bb<\/li>\n<\/ul>\n<p><strong>Sadarb\u012bba 2012. gad\u0101 ar:<\/strong><\/p>\n<ul>\n<li>\u00abARMA-A\u00bb<\/li>\n<li>A.Markovas Z\/s\u00a0\u00ab\u0136IK\u0160I\u00bb<\/li>\n<li>\u00abGetli\u0146i EKO\u00bb<\/li>\n<li>Latvijas Universit\u0101te<\/li>\n<li>LR VID (Muita)<\/li>\n<li>\u00abSKONTO B\u016aVE\u00bb<\/li>\n<li>\u00abHANSAS B\u016aVE\u00bb<\/li>\n<li>\u00abREM PRO&#8221; D\/pils<\/li>\n<li>\u00abB\u016bvfirma L.B.K.\u00bb<\/li>\n<li>Liep\u0101jas Sv\u0113t\u0101s Tr\u012bsvien\u012bbas bazn\u012bcas atjauno\u0161anas fonds<\/li>\n<li>\u00abB\u016bvprojektu vad\u012bba\u00bb<\/li>\n<li>R\u012bgas celtniec\u012bbas koled\u017eas atbalsta biedr\u012bba<\/li>\n<li>V\/a Latvijas Nacion\u0101lais v\u0113stures muzejs<\/li>\n<li>RTU BF \u0112ku un in\u017eeniertehnisko b\u016bvju diagnostikas ZPL<\/li>\n<li>\u00abWitraktor\u00bb<\/li>\n<li>\u00abKnauf\u00bb<\/li>\n<\/ul>\n<\/div><\/section><\/div><section  class='av_textblock_section av-t83r-20890bd3e0dc4555d0de5996a9225d7c '   itemscope=\"itemscope\" itemtype=\"https:\/\/schema.org\/CreativeWork\" ><div class='avia_textblock'  itemprop=\"text\" ><p>Click here to add your own text<\/p>\n<\/div><\/section><\/p>\n","protected":false},"excerpt":{"rendered":"","protected":false},"author":70,"featured_media":0,"parent":0,"menu_order":0,"comment_status":"closed","ping_status":"closed","template":"","meta":{"_monsterinsights_skip_tracking":false,"_monsterinsights_sitenote_active":false,"_monsterinsights_sitenote_note":"","_monsterinsights_sitenote_category":0,"footnotes":""},"class_list":["post-27","page","type-page","status-publish","hentry"],"meta_box":[],"_links":{"self":[{"href":"https:\/\/wpweb2-prod.rtu.lv\/smi\/wp-json\/wp\/v2\/pages\/27","targetHints":{"allow":["GET"]}}],"collection":[{"href":"https:\/\/wpweb2-prod.rtu.lv\/smi\/wp-json\/wp\/v2\/pages"}],"about":[{"href":"https:\/\/wpweb2-prod.rtu.lv\/smi\/wp-json\/wp\/v2\/types\/page"}],"author":[{"embeddable":true,"href":"https:\/\/wpweb2-prod.rtu.lv\/smi\/wp-json\/wp\/v2\/users\/70"}],"replies":[{"embeddable":true,"href":"https:\/\/wpweb2-prod.rtu.lv\/smi\/wp-json\/wp\/v2\/comments?post=27"}],"version-history":[{"count":3,"href":"https:\/\/wpweb2-prod.rtu.lv\/smi\/wp-json\/wp\/v2\/pages\/27\/revisions"}],"predecessor-version":[{"id":226,"href":"https:\/\/wpweb2-prod.rtu.lv\/smi\/wp-json\/wp\/v2\/pages\/27\/revisions\/226"}],"wp:attachment":[{"href":"https:\/\/wpweb2-prod.rtu.lv\/smi\/wp-json\/wp\/v2\/media?parent=27"}],"curies":[{"name":"wp","href":"https:\/\/api.w.org\/{rel}","templated":true}]}}