{"id":40,"date":"2020-09-29T17:05:19","date_gmt":"2020-09-29T14:05:19","guid":{"rendered":"https:\/\/wpweb2-prod.rtu.lv\/smi\/?page_id=40"},"modified":"2020-09-29T17:05:48","modified_gmt":"2020-09-29T14:05:48","slug":"kontak","status":"publish","type":"page","link":"https:\/\/wpweb2-prod.rtu.lv\/smi\/kontak\/","title":{"rendered":"Kontaki"},"content":{"rendered":"\n<style type=\"text\/css\" data-created_by=\"avia_inline_auto\" id=\"style-css-av-av_one_full-79ff81c021393065cee878051452f6a6\">\n.flex_column.av-av_one_full-79ff81c021393065cee878051452f6a6{\nborder-radius:0px 0px 0px 0px;\npadding:0px 0px 0px 0px;\n}\n<\/style>\n<div  class='flex_column av-av_one_full-79ff81c021393065cee878051452f6a6 av_one_full  avia-builder-el-0  avia-builder-el-no-sibling  first flex_column_div av-zero-column-padding  '     ><section  class='av_textblock_section av-kfo198oo-88fd88db48c129530e70b08583e514d2 '   itemscope=\"itemscope\" itemtype=\"https:\/\/schema.org\/CreativeWork\" ><div class='avia_textblock'  itemprop=\"text\" ><p><strong>Silik\u0101tu materi\u0101lu instit\u016bts<\/strong><\/p>\n<p>Paula Valdena iela 3\/7, R\u012bga, LV-1048<br \/>\nTel.: +371 67089141<br \/>\nFax: +371 67089107<br \/>\nE-pasts:\u00a0<a href=\"mailto:Gundars.Mezinskis@rtu.lv\">Gundars.Mezinskis@rtu.lv<\/a><\/p>\n<p>Skat\u012bt <a href=\"https:\/\/www.google.com\/maps?ll=56.95275,24.077796&amp;z=17&amp;t=m&amp;hl=lv-LV&amp;gl=US&amp;mapclient=embed&amp;cid=17392563840009725270\">kart\u0113<\/a><\/p>\n<\/div><\/section><\/div>\n","protected":false},"excerpt":{"rendered":"","protected":false},"author":70,"featured_media":0,"parent":0,"menu_order":0,"comment_status":"closed","ping_status":"closed","template":"","meta":{"_monsterinsights_skip_tracking":false,"_monsterinsights_sitenote_active":false,"_monsterinsights_sitenote_note":"","_monsterinsights_sitenote_category":0,"footnotes":""},"class_list":["post-40","page","type-page","status-publish","hentry"],"meta_box":[],"_links":{"self":[{"href":"https:\/\/wpweb2-prod.rtu.lv\/smi\/wp-json\/wp\/v2\/pages\/40","targetHints":{"allow":["GET"]}}],"collection":[{"href":"https:\/\/wpweb2-prod.rtu.lv\/smi\/wp-json\/wp\/v2\/pages"}],"about":[{"href":"https:\/\/wpweb2-prod.rtu.lv\/smi\/wp-json\/wp\/v2\/types\/page"}],"author":[{"embeddable":true,"href":"https:\/\/wpweb2-prod.rtu.lv\/smi\/wp-json\/wp\/v2\/users\/70"}],"replies":[{"embeddable":true,"href":"https:\/\/wpweb2-prod.rtu.lv\/smi\/wp-json\/wp\/v2\/comments?post=40"}],"version-history":[{"count":3,"href":"https:\/\/wpweb2-prod.rtu.lv\/smi\/wp-json\/wp\/v2\/pages\/40\/revisions"}],"predecessor-version":[{"id":43,"href":"https:\/\/wpweb2-prod.rtu.lv\/smi\/wp-json\/wp\/v2\/pages\/40\/revisions\/43"}],"wp:attachment":[{"href":"https:\/\/wpweb2-prod.rtu.lv\/smi\/wp-json\/wp\/v2\/media?parent=40"}],"curies":[{"name":"wp","href":"https:\/\/api.w.org\/{rel}","templated":true}]}}