{"id":62,"date":"2020-09-29T17:49:42","date_gmt":"2020-09-29T14:49:42","guid":{"rendered":"https:\/\/wpweb2-prod.rtu.lv\/smi\/?page_id=62"},"modified":"2020-09-29T18:16:17","modified_gmt":"2020-09-29T15:16:17","slug":"smi-tv-ekrana","status":"publish","type":"page","link":"https:\/\/wpweb2-prod.rtu.lv\/smi\/smi-tv-ekrana\/","title":{"rendered":"SMI TV ekr\u0101n\u0101"},"content":{"rendered":"<div id='av-layout-grid-1'  class='av-layout-grid-container av-43yfq-4c861f19704984f94ef0c473d47d2c2c entry-content-wrapper main_color av-flex-cells  avia-builder-el-0  el_before_av_textblock  avia-builder-el-first   container_wrap sidebar_right'  >\n<div class='flex_cell av-34dne-e47bd45b6ce1f770e2a037e82684714e av-gridrow-cell av_two_fifth no_margin  avia-builder-el-1  el_before_av_cell_three_fifth  avia-builder-el-first '  ><div class='flex_cell_inner'><section  class='av_textblock_section av-kfo3oh7o-8d4cc3720f5955c3d005b7aefe73d211 '   itemscope=\"itemscope\" itemtype=\"https:\/\/schema.org\/CreativeWork\" ><div class='avia_textblock'  itemprop=\"text\" ><p><strong>LTV1\u00a0<\/strong>\u00ab<strong>Panor\u0101ma<\/strong>\u00bb<strong>\u00a0si\u017eets\u00a0<\/strong><\/p>\n<\/div><\/section>\n<\/div><\/div><div class='flex_cell av-2gv9y-4cffc52fe7ef3b41fe9ca9d945b6fad9 av-gridrow-cell av_three_fifth no_margin  avia-builder-el-3  el_after_av_cell_two_fifth  avia-builder-el-last '  ><div class='flex_cell_inner'><section  class='av_textblock_section av-kfo3p16u-42d378d4b4351df671f19e004822030d '   itemscope=\"itemscope\" itemtype=\"https:\/\/schema.org\/CreativeWork\" ><div class='avia_textblock'  itemprop=\"text\" ><p class=\"title style-scope ytd-video-primary-info-renderer\"><strong>Intervija ar Intu V\u012bti\u0146u un Juri Galvi\u0146u<\/strong><\/p>\n<div class='avia-iframe-wrap'><iframe loading=\"lazy\" title=\"Intervija ar Intu V\u012bti\u0146u un Juri Galvi\u0146u\" width=\"1500\" height=\"844\" src=\"https:\/\/www.youtube.com\/embed\/rsyMDLHj3Kg?feature=oembed\" frameborder=\"0\" allow=\"accelerometer; autoplay; clipboard-write; encrypted-media; gyroscope; picture-in-picture\" allowfullscreen><\/iframe><\/div>\n<\/div><\/section>\n<\/div><\/div>\n<\/div><div id='after_grid_row_1'  class='main_color av_default_container_wrap container_wrap sidebar_right'  ><div class='container av-section-cont-open' ><div class='template-page content  av-content-small alpha units'><div class='post-entry post-entry-type-page post-entry-62'><div class='entry-content-wrapper clearfix'>\n<section  class='av_textblock_section av-t06m-e67b69a9f557fa99467e682c48dca87d '   itemscope=\"itemscope\" itemtype=\"https:\/\/schema.org\/CreativeWork\" ><div class='avia_textblock'  itemprop=\"text\" ><p>Click here to add your own text<\/p>\n<\/div><\/section>\n","protected":false},"excerpt":{"rendered":"","protected":false},"author":70,"featured_media":0,"parent":0,"menu_order":0,"comment_status":"closed","ping_status":"closed","template":"","meta":{"_monsterinsights_skip_tracking":false,"_monsterinsights_sitenote_active":false,"_monsterinsights_sitenote_note":"","_monsterinsights_sitenote_category":0,"footnotes":""},"class_list":["post-62","page","type-page","status-publish","hentry"],"meta_box":[],"_links":{"self":[{"href":"https:\/\/wpweb2-prod.rtu.lv\/smi\/wp-json\/wp\/v2\/pages\/62","targetHints":{"allow":["GET"]}}],"collection":[{"href":"https:\/\/wpweb2-prod.rtu.lv\/smi\/wp-json\/wp\/v2\/pages"}],"about":[{"href":"https:\/\/wpweb2-prod.rtu.lv\/smi\/wp-json\/wp\/v2\/types\/page"}],"author":[{"embeddable":true,"href":"https:\/\/wpweb2-prod.rtu.lv\/smi\/wp-json\/wp\/v2\/users\/70"}],"replies":[{"embeddable":true,"href":"https:\/\/wpweb2-prod.rtu.lv\/smi\/wp-json\/wp\/v2\/comments?post=62"}],"version-history":[{"count":11,"href":"https:\/\/wpweb2-prod.rtu.lv\/smi\/wp-json\/wp\/v2\/pages\/62\/revisions"}],"predecessor-version":[{"id":80,"href":"https:\/\/wpweb2-prod.rtu.lv\/smi\/wp-json\/wp\/v2\/pages\/62\/revisions\/80"}],"wp:attachment":[{"href":"https:\/\/wpweb2-prod.rtu.lv\/smi\/wp-json\/wp\/v2\/media?parent=62"}],"curies":[{"name":"wp","href":"https:\/\/api.w.org\/{rel}","templated":true}]}}